and g?
21
Let o = 126 - 20. Let d = o + -71. Calculate the highest common divisor of d and 5.
5
Suppose 431 - 95 = 4*z. What is the greatest common divisor of 12 and z?
12
Let q = 4 + -4. Suppose 3*g = i - 84, q = -i - 0*i - 5*g + 116. Calculate the greatest common factor of 12 and i.
12
Let g = -29 - -19. Let o be 81/(-15) - (-4)/10. Let x be 14*o/(g/4). What is the greatest common factor of x and 14?
14
Let v = 11 - 11. Suppose -4*b + q + 12 + 46 = 0, -q - 2 = v. What is the greatest common divisor of 35 and b?
7
Let c(s) = s**3 + 7*s**2 + 4. Let r be c(-7). Suppose 4*u = 5*p - 37, -r*p + u + 0*u = -34. Calculate the highest common divisor of 9 and p.
9
Suppose 0*o + o = 2*x + 20, 4*x - 5*o + 52 = 0. Let q = 11 + x. Let f = 68 - 35. Calculate the greatest common factor of f and q.
3
Let d(q) = 14*q**2 - 2*q + 2. Let x be d(1). What is the greatest common divisor of 21 and x?
7
Let u(d) = -d**2 - 10*d + 11. Let n be u(-8). Suppose -2*h - 4 = -z, 3*z + 0*h - n = 3*h. What is the greatest common divisor of 42 and z?
14
Suppose -3*s + 50 = -2*s. Let t = 10 - s. Let f = t + 66. What is the highest common factor of 13 and f?
13
Suppose 0 = r + 3*r - 384. Suppose -4*w + 3 = -4*l + 47, -w = -3*l + 35. Calculate the greatest common factor of r and l.
12
Suppose -227 = -2*z + 59. Let x be ((-20)/(-3))/(4/12). Let y = -7 + x. What is the greatest common factor of y and z?
13
Let b = -15 + 29. Calculate the greatest common factor of b and 2.
2
Suppose 11*x - 104 = 3*x. What is the greatest common factor of 65 and x?
13
Suppose 3*z + 0*z - 12 = 0. Let v be (2/3)/(z/42). Suppose 9*k - 48 = v*k. Calculate the greatest common divisor of 96 and k.
24
Suppose 2*z - 2*p = 3*p + 13, p - 59 = -4*z. Let l be (z/21)/(2/45). Calculate the greatest common factor of l and 6.
3
Let b be (-1 - -58) + -1 + 1. Suppose 0 = 5*l + b - 232. Let f be (-6)/4 - (-31)/2. What is the highest common factor of l and f?
7
Let x be 1/1 + 2*3. What is the greatest common factor of 77 and x?
7
Suppose 5*a = -4*c + 32, -4*c - 10 = c. Let y be (a/(-5))/(2/(-10)). Suppose 0 = 3*o - y*o + 65. Calculate the highest common divisor of 39 and o.
13
Let l be (-382)/(-6) + (-4)/6. Let b be 3*(-1 + (-15)/(-9)). Let j(r) = 4*r**2 - 4*r - 1. Let o be j(b). What is the greatest common factor of l and o?
7
Suppose 40 = 5*n + 5*v, -2*n + 4*n = 5*v + 2. Let g be (9/n)/(-1)*-10. Suppose -3*y + g - 3 = 0. Calculate the greatest common factor of y and 12.
4
Let o be 714/35 + (-4)/10. Let f be -5 + 7 - (0 - 28). Calculate the highest common factor of f and o.
10
Suppose -4*k = 8, -6*k - 258 = -3*l - 3*k. Suppose -3*m - 3*w = -84, -3*m - 5*w = -3*w - 84. What is the highest common divisor of l and m?
28
Let y = -60 + 190. What is the greatest common divisor of y and 13?
13
Let x be (-18)/(-2) + (-4)/(-4). Let d = 23 - -16. Suppose 3*a + d = 114. Calculate the highest common divisor of a and x.
5
Suppose -6*q + 3*q = -33. What is the greatest common divisor of 55 and q?
11
Let m = -244 - -370. Let c(r) = -r**2 - r + 10. Let g be c(0). Let b = 8 + g. Calculate the greatest common divisor of b and m.
18
Suppose -5*a = 3*x - 10 - 4, -2*x + 2 = -4*a. Suppose x*q = 12, -4*n + q + 44 = 3*q. What is the highest common divisor of n and 63?
9
Let j = 38 - 11. Let y(r) = r**3 - 5*r**2 + r + 4. Suppose 0*o - 5*o = -25. Let m be y(o). Calculate the greatest common factor of m and j.
9
Let b(c) = -5*c - 1. Let x be b(-5). Suppose 5 + 10 = 5*l - 2*n, 0 = -2*n. Suppose -2*u - l + 9 = 0. Calculate the greatest common divisor of x and u.
3
Suppose -2*s = -s. Let l = 10 - s. Calculate the greatest common factor of l and 5.
5
Let c(v) = v - 1 - 8*v - 6*v. Suppose 2*l - 6 = 3*h + 7, 2*h = 5*l - 27. Let f be c(h). What is the greatest common divisor of f and 108?
12
Suppose -10*c + 62 = -9*c. Calculate the highest common divisor of c and 31.
31
Let b(d) = d + 17. Let v be b(-8). Calculate the highest common factor of v and 36.
9
Suppose -k + 4*v - 6*v = -9, -3*k + 3*v - 18 = 0. Let m(u) = -9*u + 1. Let o be m(k). Let s = 62 + -12. Calculate the greatest common divisor of o and s.
10
Let z(f) = -f**3 - 6*f**2 - f - 1. Let p be z(-6). What is the greatest common factor of 30 and p?
5
Let g be 2 + (-1)/(1/2). Let z(k) = 2*k**2 + g + 2*k + 2 + k**2. Let i be z(3). What is the greatest common divisor of i and 7?
7
Let b(y) = 6*y**2 - 4*y - 3. Let u be b(-3). Calculate the greatest common divisor of u and 7.
7
Let w(u) = 2*u**3 - 5*u**2 + 4*u. Let t be w(5). Calculate the greatest common factor of 58 and t.
29
Suppose -4*v - 64 = -4*j, -j - 4*v = 5 - 1. What is the highest common divisor of j and 24?
12
Suppose 0*t + 2*q - 6 = -3*t, -3*t + 5*q = -6. Suppose -i - 17 = -m, 2 = -i - t. What is the greatest common factor of 39 and m?
13
Let f = 2 - -5. Let j(c) = 2*c**2 - 8*c. Let u be j(f). Let k(l) = l**3 + l**2 - l + 6. Let p be k(0). Calculate the highest common divisor of p and u.
6
Suppose -591 + 34 = -2*z + m, -5*m = -4*z + 1111. Calculate the highest common divisor of z and 31.
31
Suppose 11*l = 9*l + 30. Calculate the highest common divisor of l and 45.
15
Let p be (48/8)/(8/68). What is the highest common divisor of 34 and p?
17
Let y(o) = -2*o**3 + 5*o**2 + 2*o - 2. Let t be y(-3). What is the highest common factor of 13 and t?
13
Let d(x) = -x**3 + 8*x**2 - 2*x + 2. Let u be d(8). Let w = 30 + u. Suppose 0*b = 4*b - w. What is the greatest common factor of b and 16?
4
Let n be -5 + 1 + 192/4. What is the highest common divisor of n and 110?
22
Let k(m) = -m. Let u be k(-1). Calculate the greatest common factor of u and 1.
1
Let p = -18 + 36. What is the highest common factor of 18 and p?
18
Let j be (-3116)/12 + 1/(-3). Let g = -170 - j. Calculate the greatest common divisor of 60 and g.
30
Let x = -21 + 24. Let v be 2*x - (-2 - -6). Calculate the highest common divisor of v and 3.
1
Suppose 6*u - 90 = u. Suppose 3 = -j + 2*k, -2*k + u - 5 = j. What is the highest common factor of 15 and j?
5
Let j be (-1)/(-3 + 267/90). What is the highest common factor of 20 and j?
10
Let s(y) = 2*y**2 + 5*y - 30. Let f be s(-9). Calculate the highest common factor of 58 and f.
29
Let k(o) = -o + 3. Let v be k(-1). Let t = -5 + 8. Let x be t/(3 + (-9)/v). Calculate the highest common divisor of x and 2.
2
Suppose -4*h + 149 = 21. Let p be 26/6 - 9/27. What is the greatest common divisor of p and h?
4
Suppose -10*u - 15 = -z - 8*u, 4*u - 75 = -5*z. Let i(v) = -104*v + 1. Let t be i(-1). Calculate the highest common factor of z and t.
15
Let l(b) = 54*b - 7. Let c be l(4). Calculate the greatest common divisor of 19 and c.
19
Let d be (96/9)/(1/21). Let p be d/12 - 2/3. Let b be 118/10 - (-3)/15. Calculate the highest common factor of b and p.
6
Suppose 3*m - 58 - 14 = 0. Suppose -112*v + 98*v = -672. Calculate the greatest common divisor of v and m.
24
Let v be (20/8 + -2)*12. Suppose -5*q = 5*c, -c - 2*q + 20 = -v*q. What is the highest common factor of c and 1?
1
Let q(s) = -s**3 + s**2 + 80. Let b be q(0). Suppose 3*k - 20 = 2*l, 0 = -6*k + k + 4*l + 30. Calculate the greatest common divisor of k and b.
10
Let g = 3 - 0. Suppose -3 = n + g. Let a = n - -12. What is the highest common factor of a and 66?
6
Let y(f) = 2*f**2 - 4*f - 5. Let n be y(4). Let s(a) = -a**3 + 10*a**2 - 8*a - 9. Let w be s(8). What is the greatest common divisor of n and w?
11
Let d = -35 - -60. Let x be 0 + 1 - (1 - 2). Suppose 0 = x*y - d - 7. Calculate the greatest common divisor of 80 and y.
16
Let i = 18 - 35. Let o = i - -26. Suppose -4*l + 78 = -246. What is the highest common factor of o and l?
9
Suppose 3*h - 8*h = -55. What is the greatest common factor of h and 22?
11
Let a = -75 + 101. What is the greatest common divisor of a and 39?
13
Let u(p) = -3*p - 22. Let m be u(-20). Calculate the greatest common divisor of 114 and m.
38
Suppose 0 - 36 = -3*x - 5*u, -5*x = 4*u - 47. Calculate the highest common factor of 28 and x.
7
Suppose 4*x + 14 = -r, 2*r - 5*x = -2*r + 28. Suppose 3*i = r*i + 12. What is the greatest common factor of 12 and i?
12
Suppose 71 = 3*d - 5*b, 4*d + 30 = 6*d + b. Suppose -2*l = 4*u - 24 - 14, -4*l = 3*u - 81. Let a be 34/6*l/1. What is the greatest common factor of d and a?
17
Let x = 25 - 16. Let r be x/6*(-4)/(-3). Suppose -